s divided by 5.
3
What is the remainder when (15/(-3) - 62)/(-1) is divided by 9?
4
Let p(g) = g**3 + 5*g**2 - 7*g + 4. Let i be p(-6). Let r be (-1 - -1)*5/i. Suppose r = -4*c + 17 + 11. What is the remainder when c is divided by 3?
1
Suppose -a - 4*h + 1 + 4 = 0, 5*h - 22 = 4*a. Suppose -6*d = -2*d - 176. Calculate the remainder when d is divided by (-86)/(-4) + a*2/(-4).
21
Let c(r) = 6*r**2 + 1. Let k be c(-1). Suppose 2*x - k - 1 = 0. What is the remainder when 43 is divided by 2*x/24*33?
10
Suppose 187 = 4*f + 2*w - 69, 3*w - 64 = -f. What is the remainder when 190 is divided by f?
62
Suppose -10 = -11*z + 6*z. Suppose 337 = -5*c - 2*r, 3*r = -z*r + 20. Let g = -30 - c. What is the remainder when g is divided by 14?
11
Suppose 4*k - 2*k - 2*s + 184 = 0, -202 = 2*k + 4*s. Let m = -77 - k. What is the remainder when 33 is divided by m?
15
Let n = -5 - -10. Let k(o) = -36 + 0*o + 28 + 3*o. Calculate the remainder when k(9) is divided by n.
4
Let k be 0/(((-2)/(-1))/(-2)). Suppose -3*a + 4*d + 12 = k, 4*d + 5 = -7. Let u = 4 + a. Calculate the remainder when 15 is divided by u.
3
Let m = 1150 + -1122. Let o = 11 - 5. Calculate the remainder when m is divided by o.
4
Let r(h) = h**2 + 8*h - 134. What is the remainder when 270 is divided by r(10)?
40
Let n = 29 - 27. What is the remainder when 42 + n + -3 + 0 is divided by 7?
6
Suppose -102 = -5*l + 5*x - 27, 5*l = 3*x + 65. Calculate the remainder when 39 is divided by l.
9
Suppose 0 = -4*q + 63 + 21. Let m(x) = x**3 + 3*x**2 + 18*x + 60. What is the remainder when m(0) is divided by q?
18
Let n = -42 - -78. Let h = n + -33. Calculate the remainder when 2/8 - 46/(-8) is divided by h.
0
What is the remainder when -1*(-2)/(-21) + 3614/21 is divided by 29?
27
Let a = 17 + -14. Suppose 5*m + 301 = 9*m - 3*w, -m - a*w + 64 = 0. Calculate the remainder when m is divided by 25.
23
Suppose -f = 3*f - 36. What is the remainder when 25 is divided by (-3)/(f/(-39)) - -3?
9
Let v(u) = -20*u + 7. Suppose 25*h - 33*h = -216. Calculate the remainder when v(-5) is divided by h.
26
Let k(p) = -63*p**3 + 17*p**2 + 15*p - 1. What is the remainder when 319 is divided by k(-1)?
63
Let o(x) be the third derivative of x**6/180 - x**3 + x**2. Let m(q) be the first derivative of o(q). What is the remainder when m(-3) is divided by 4?
2
Suppose 5*q - t = 20, 2*q - 4*q + 5*t = -31. Suppose 14 = 2*f + v - 1, 0 = q*v - 15. What is the remainder when 12 is divided by f?
2
Let t be (-12)/((-1)/(-5) - (-69)/(-120)). Suppose -5*j + y + t = 0, -j + 5*y + 1 = 3*y. What is the remainder when 11 is divided by j?
4
Let l be ((-4)/2 - -1)*12. What is the remainder when l/(-8) + 1180/8 is divided by 25?
24
Let d = -270 + 312. Calculate the remainder when 119 is divided by d.
35
Suppose 2*g - 31 = 3*g + v, 134 = -4*g + v. Let y = 45 + g. Calculate the remainder when y is divided by 7.
5
Suppose -5*s + 140 = -a - 11, -2*a = 5*s - 148. Let i(p) = -p**3 - 51*p**2 + 107*p + 61. What is the remainder when s is divided by i(-53)?
6
Let q = 43 + -14. Calculate the remainder when 86 is divided by q.
28
Let q(y) = -y**3 - 7*y**2 - 11*y - 16. Calculate the remainder when 544 is divided by q(-6).
12
Let p(h) = 30*h + 1. Let c(u) = -15*u. Let i(g) = -5*c(g) - 3*p(g). Let x be i(5). Calculate the remainder when 2 is divided by 4/30 + x/(-90).
0
Let u(l) = -l**3 + 8*l**2 - 9*l + 2. Let i be u(6). Suppose 0*z - 2*z = -i. Suppose 6*r - r = 135. What is the remainder when r is divided by z?
7
Suppose 0 = 7*g - 3*g - 2*r - 478, 0 = -5*r + 5. Calculate the remainder when g is divided by 28.
8
Suppose 2*m + m = 99. Suppose -3*x + 6 + m = 0. Calculate the remainder when 295/8 - (-6)/48 is divided by x.
11
Suppose 3*b = -a + 25, 5*a - 2*b - 125 = 3*b. Let w be -17*3/((-15)/a). Suppose 4*c + c - w = 0. What is the remainder when 63 is divided by c?
12
Suppose 2*f + 2*f = -5*t + 487, -4*t = -5*f + 660. Suppose -71*j = -69*j - f. What is the remainder when j is divided by 34?
30
Suppose -3*d + 422 = -268. Calculate the remainder when d is divided by 26.
22
Let x(b) = -b**3 + 12*b**2 + 4*b - 20. Calculate the remainder when 83 is divided by x(12).
27
Suppose 3*n - 5 - 1 = 0. Suppose z + n*z - 30 = 0. Let v = -30 - -36. Calculate the remainder when z is divided by v.
4
Let k(r) = -r + 5. Let o be k(-5). Let q = 1 + o. Calculate the remainder when 31 - (2 - 2 - -1) is divided by q.
8
Suppose 4*v - 20 = -5*w + 911, -w = -2*v + 455. Calculate the remainder when v is divided by 43.
14
Suppose 9 = 6*a - 99. What is the remainder when 20 is divided by a?
2
Let u(h) = h**3 + 7*h**2. Suppose 19*b - 2*b - 323 = 0. Calculate the remainder when u(-6) is divided by b.
17
Suppose 10*k = 8*k + 130. Calculate the remainder when k is divided by 24.
17
Suppose -5*q = -328 - 2. Let z = q + -22. Calculate the remainder when 86 is divided by z/5*25/10.
20
Suppose 373 = 14*z + 219. What is the remainder when 11/((-44)/(-168)) + -1 is divided by z?
8
Let l = -201 - -240. What is the remainder when 109 is divided by l?
31
Suppose -t - 4*t = -2*p, 3*p = -3*t + 42. Suppose 15*a = p*a + 155. What is the remainder when 151 is divided by a?
27
Let z(j) = j**3 - 7*j**2 - 7*j + 5. Suppose f - x + 3 = 2*x, -2 = 2*f - 5*x. Calculate the remainder when z(f) is divided by 54.
50
Let d(s) = -s**3 + 13*s**2 + s + 6. Suppose -5 = -5*f + 10. Suppose -f*w - 2*w + 25 = 0. Calculate the remainder when d(13) is divided by w.
4
Let g = -751 - -754. What is the remainder when 41 is divided by g?
2
Suppose 10*i - 85 = 5*i. Calculate the remainder when i is divided by 13.
4
Calculate the remainder when 1916 is divided by (81/405)/(1*(-1)/(-505)).
98
Calculate the remainder when (4 - -661) + (-7)/((-70)/60) is divided by 32.
31
Let p(u) = 6*u. Suppose 367 = 5*y - 103. What is the remainder when y is divided by p(4)?
22
Let g = 48 - -23. Suppose -3*z + 98 = -5*l, -l = -1 - 1. Calculate the remainder when g is divided by z.
35
Let k = -34 - -45. Calculate the remainder when 1*(-9 - -2)*-9 is divided by k.
8
Let i be (-1 - -2)/((-1)/(-35)). Let g = 66 - i. Calculate the remainder when g is divided by 17.
14
Suppose 2*h + k = -h + 178, 2*h + 3*k = 107. Let o(i) = i**3 - i**2 + 16. What is the remainder when h is divided by o(0)?
13
Suppose -274 = -10*o + 396. Calculate the remainder when o is divided by 18.
13
Let h be 2127/(-1 + 2) - (0 + 3). Let r = 53 - 36. What is the remainder when (1 - h/(-32)) + 6/(-16) is divided by r?
16
Let g = 854 - 493. Calculate the remainder when g is divided by 91.
88
Suppose 0 = -47*m + 52*m - 20. What is the remainder when 5 is divided by m?
1
Suppose -2*c - 53 = 5*i, 1 + 29 = -3*i - 3*c. Let q = i + 18. Suppose 2*m = 5*a + 49, 3*m + 4*a = 20 - 4. Calculate the remainder when m is divided by q.
5
Let n(o) = -4*o**3 + 2*o**2 + 3*o - 2. Let t be n(2). Let q be t/(3 - (-13)/(-4)). What is the remainder when 58 is divided by (q/(-14))/((-8)/28)?
18
Let n(x) = -x**2 + 6*x - 5. Let u be n(5). Let q be 3*(-2)/12*u. Suppose q = 3*t - 6*t + 102. What is the remainder when t is divided by 10?
4
Let g = -299 - -307. What is the remainder when 27 is divided by g?
3
Suppose 0 = 7*d + 14*d - 336. Calculate the remainder when 236 is divided by d.
12
What is the remainder when 607*(5/(-10)*0 + 1) is divided by 61?
58
Calculate the remainder when (-45)/5 - (21 - 560) is divided by 14.
12
Let u = -1529 + 1616. Calculate the remainder when 1824 is divided by u.
84
Suppose -4*r + 44 = -104. Suppose -5 = 2*x - 31. What is the remainder when r is divided by x?
11
Suppose -q + r + 16 = 6*r, 4*q - 2*r = 20. Suppose 8*g - q*g = 50. Calculate the remainder when g is divided by 14.
11
Suppose 15*j = 12*j + 6. Suppose 6*w - 147 = w - 4*k, 153 = 5*w + k. Calculate the remainder when 6/((-156)/(-1582)) + j/13 is divided by w.
30
Let b(k) = 2*k**2 + 19*k - 5. What is the remainder when 142 is divided by b(-10)?
2
Suppose 4*h - 226 = -2*x, 5*h - 2*x = h + 230. Suppose q = -18 + h. What is the remainder when q is divided by 14?
11
Calculate the remainder when 1401/((-1)/((7 + 1)/(-8))) is divided by 23.
21
Let x = 25256 - 25231. Suppose 5*s - 17 - 23 = 0. What is the remainder when (-1)/4 - (-778)/s is divided by x?
22
Let b(v) = 3*v**3 - 45*v**2 + 80*v + 19. Calculate the remainder when b(13) is divide